nder when 70718 is divided by 20.
18
Calculate the remainder when 20190 is divided by 105.
30
What is the remainder when 4943 is divided by 2160?
623
What is the remainder when 6780 is divided by 323?
320
What is the remainder when 19816 is divided by 583?
577
Calculate the remainder when 17384 is divided by 5794.
2
What is the remainder when 13346 is divided by 845?
671
What is the remainder when 18290 is divided by 13?
12
Calculate the remainder when 18041 is divided by 3600.
41
What is the remainder when 129731 is divided by 1777?
10
What is the remainder when 15274 is divided by 22?
6
What is the remainder when 107586 is divided by 289?
78
Calculate the remainder when 1432 is divided by 292.
264
Calculate the remainder when 34774 is divided by 8.
6
What is the remainder when 2831 is divided by 503?
316
What is the remainder when 92673 is divided by 23164?
17
What is the remainder when 8344 is divided by 69?
64
Calculate the remainder when 3952 is divided by 3948.
4
Calculate the remainder when 49468 is divided by 97.
95
What is the remainder when 8984 is divided by 16?
8
Calculate the remainder when 9188 is divided by 317.
312
What is the remainder when 486246 is divided by 473?
2
What is the remainder when 5185 is divided by 303?
34
Calculate the remainder when 156127 is divided by 21.
13
Calculate the remainder when 10073 is divided by 1137.
977
What is the remainder when 65444 is divided by 85?
79
What is the remainder when 123819 is divided by 13757?
6
Calculate the remainder when 34549 is divided by 42.
25
Calculate the remainder when 589368 is divided by 115.
108
What is the remainder when 1267 is divided by 27?
25
What is the remainder when 385 is divided by 111?
52
What is the remainder when 5259 is divided by 434?
51
What is the remainder when 124129 is divided by 137?
7
What is the remainder when 27644 is divided by 628?
12
What is the remainder when 537 is divided by 209?
119
Calculate the remainder when 10591 is divided by 3528.
7
Calculate the remainder when 66553 is divided by 210.
193
Calculate the remainder when 1299 is divided by 519.
261
What is the remainder when 41661 is divided by 12?
9
Calculate the remainder when 120721 is divided by 188.
25
Calculate the remainder when 11197 is divided by 1531.
480
What is the remainder when 4515 is divided by 4465?
50
What is the remainder when 110030 is divided by 168?
158
What is the remainder when 204069 is divided by 29146?
47
Calculate the remainder when 46529 is divided by 110.
109
What is the remainder when 25001 is divided by 12491?
19
What is the remainder when 14294 is divided by 341?
313
What is the remainder when 5308 is divided by 220?
28
What is the remainder when 8307 is divided by 2733?
108
What is the remainder when 17700 is divided by 169?
124
Calculate the remainder when 26256 is divided by 798.
720
What is the remainder when 2433192 is divided by 131?
129
Calculate the remainder when 39 is divided by 26.
13
Calculate the remainder when 7825 is divided by 1543.
110
Calculate the remainder when 3113 is divided by 52.
45
Calculate the remainder when 11386 is divided by 1624.
18
Calculate the remainder when 3902 is divided by 11.
8
What is the remainder when 3881 is divided by 430?
11
Calculate the remainder when 151506 is divided by 127.
122
Calculate the remainder when 11925374 is divided by 1155.
1154
Calculate the remainder when 389 is divided by 16.
5
What is the remainder when 2940 is divided by 244?
12
Calculate the remainder when 237994 is divided by 159.
130
What is the remainder when 38192 is divided by 29?
28
Calculate the remainder when 18492 is divided by 780.
552
What is the remainder when 142597 is divided by 10?
7
What is the remainder when 2346 is divided by 512?
298
Calculate the remainder when 616 is divided by 192.
40
Calculate the remainder when 688449 is divided by 26.
21
Calculate the remainder when 8418 is divided by 4209.
0
Calculate the remainder when 9317118 is divided by 363.
360
What is the remainder when 24599 is divided by 230?
219
What is the remainder when 20809 is divided by 798?
61
Calculate the remainder when 2613 is divided by 1008.
597
Calculate the remainder when 5089 is divided by 1367.
988
Calculate the remainder when 36115 is divided by 11956.
247
Calculate the remainder when 1697 is divided by 1264.
433
Calculate the remainder when 10768368 is divided by 10.
8
Calculate the remainder when 426086 is divided by 442.
440
What is the remainder when 2074 is divided by 20?
14
Calculate the remainder when 55571 is divided by 13.
9
Calculate the remainder when 4595 is divided by 644.
87
Calculate the remainder when 7768 is divided by 16.
8
What is the remainder when 326 is divided by 255?
71
What is the remainder when 205957 is divided by 12871?
21
What is the remainder when 173812 is divided by 61?
23
Calculate the remainder when 5305 is divided by 251.
34
Calculate the remainder when 176151 is divided by 187.
184
Calculate the remainder when 12171 is divided by 871.
848
Calculate the remainder when 56860 is divided by 88.
12
Calculate the remainder when 2007 is divided by 996.
15
Calculate the remainder when 25658 is divided by 414.
404
What is the remainder when 9148 is divided by 1184?
860
Calculate the remainder when 4894 is divided by 348.
22
What is the remainder when 175981 is divided by 527?
490
Calculate the remainder when 55872 is divided by 1054.
10
Calculate the remainder when 46439 is divided by 430.
429
Calculate the remainder when 228473 is divided by 95.
93
What is the remainder when 2290 is divided by 836?
618
Calculate the remainder when 12874 is divided by 20.
14
What is the remainder when 2263 is divided by 171?
40
Calculate the remainder when 5082 is divided by 106.
100
Calculate the remainder when 39477 is divided by 20.
17
What is the remainder when 29473 is divided by 67?
60
Calculate the remainder when 636 is divided by 157.
8
What is the remainder when 23625 is divided by 99?
63
What is the remainder when 327592 is divided by 94?
2
What is the remainder when 14692 is divided by 54?
4
What is the remainder when 1673127 is divided by 124?
119
What is the remainder when 4822 is divided by 77?
48
What is the remainder when 1673 is divided by 182?
35
Calculate the remainder when 2216 is divided by 1700.
516
What is the remainder when 940797 is divided by 313596?
9
Calculate the remainder when 131809 is divided by 119.
76
Calculate the remainder when 21950 is divided by 13.
6
What is the remainder when 4232 is divided by 57?
14
Calculate the remainder when 1721 is divided by 1711.
10
Calculate the remainder when 174081 is divided by 2560.
1
Calculate the remainder when 9328 is divided by 9147.
181
What is the remainder when 14999 is divided by 211?
18
What is the remainder when 58897 is divided by 29?
27
Calculate the remainder when 250217 is divided by 189.
170
What is the remainder when 704292 is divided by 135?
132
What is the remainder when 42184 is divided by 14054?
22
What is the remainder when 1496 is divided by 136?
0
Calculate the remainder when 2035 is divided by 435.
295
Calculate the remainder when 974444 is divided by 2123.
2110
Calculate the remainder when 1117 is divided by 721.
396
Calculate the remainder when 1571 is divided by 259.
17
What is the remainder when 794061 is divided by 29?
12
What is the remainder when 43031 is divided by 40?
31
Calculate the remainder when 14984 is divided by 716.
664
Calculate the remainder when 99965 is divided by 117.
47
Calculate the remainder when 103564 is divided by 331.
292
Calculate the remainder when 7866 is divided by 2535.
261
Calculate the remainder when 1074161 is divided by 28.
25
Calculate the remainder when 10932 is divided by 354.
312
Calculate the remainder when 7548 is divided by 390.
138
What is the remainder when 264358 is divided by 104?
94
Calculate the remainder when 28019 is divided by 821.
105
Calculate the remainder when 6617 is divided by 166.
143
What is the remainder when 338088 is divided by 934?
914
What is the remainder when 44140 is divided by 19?
3
What is the remainder when 12620 is divided by 3154?
4
What is the remainder when 261285 is divided by 191?
188
What is the remainder when 7703 is divided by 36?
35
What is the 